161?
23
Let d = 45 + -41. Let r(m) = 63*m + 11. Let f be r(d). Let l = f - 125. Calculate the highest common factor of 6 and l.
6
Let d = -35 + 43. Let k = 343 - 182. Let f = -89 + k. What is the highest common factor of f and d?
8
Let s = 16934 - 15821. Calculate the greatest common divisor of 1272 and s.
159
Let o be (-22)/((-1936)/(-3894))*-640. What is the greatest common divisor of o and 30?
30
Let b = -4924 + 12808. Calculate the greatest common divisor of b and 584.
292
Let l = -38 + 47. Let c be (l/5 + -1)/(2/95). Calculate the highest common factor of 133 and c.
19
Let c(l) = 165*l + 992. Let v be c(-6). Suppose -n = n - 4. Calculate the highest common factor of v and n.
2
Let l = -36 + 38. Let v be -1 + 12 + 2 + l. Let i = 88 + -78. What is the greatest common factor of i and v?
5
Let x be 1/3 + (-51)/(-9). Suppose -10*c + 78 = 258. Let r be 1297/x - (-3)/c. What is the greatest common divisor of r and 27?
27
Let h(x) = 8*x + 229. Let n be h(-38). Let i = 117 + n. What is the greatest common factor of i and 189?
21
Let q = -41610 - -44058. What is the highest common divisor of 63 and q?
9
Let m = 39965 + -14090. Calculate the highest common divisor of m and 414.
207
Let g(b) = 2*b - 35 - 10*b - 25. Let l be g(-8). Suppose 2*d - q = 11, 0 = 3*d - l*q - q + 1. Calculate the highest common divisor of d and 8.
8
Suppose 0 = 60*r - 154888 - 81092. Calculate the highest common divisor of 828 and r.
207
Let v(f) = 2*f**3 + 8*f - 54. Let k be v(4). Calculate the highest common factor of k and 5141.
53
Let u = 46 - 41. Let i = -1 - -5. Suppose -3*d = -l - i*l + 28, 2*l = 3*d + 13. What is the highest common factor of l and u?
5
Let w be 18/15*(742 - 7). Calculate the greatest common factor of 234 and w.
18
Suppose 0*b - 4620 = -22*b. Suppose 9*n + 98 = 16*n. Calculate the highest common divisor of n and b.
14
Suppose 415*p + 20 = i + 413*p, 4*i = -3*p + 135. What is the greatest common factor of i and 294?
6
Let s(j) be the second derivative of j**3/6 + 3*j**2 + j. Let i be s(-4). Suppose 0 = -i*v - 2*v + 112. Calculate the highest common factor of v and 56.
28
Let c(y) = -3*y**2 + 39*y - 18. Let s be c(12). Suppose s*r - 402 = 30. Calculate the highest common factor of r and 12.
12
Let h(y) = 5*y + 104. Let r be h(-20). Suppose 4*o - 288 = -3*s, -294 = -r*s + 2*o + 90. What is the greatest common factor of 32 and s?
32
Let m be (2 - 11672/(-42)) + (640/105 - 6). What is the highest common factor of 84 and m?
28
Let m(f) = -21*f**3 + 3*f**2 + 4*f + 35. Let r be m(-6). What is the highest common divisor of 95 and r?
95
Let n = 38 + 3069. What is the greatest common factor of n and 221?
13
Suppose 0 = 2*h + 3*q - 93 - 103, -q - 456 = -5*h. Let c = h - 62. Let o(x) = -32*x + 301. Let l be o(8). What is the greatest common factor of c and l?
15
Suppose 3*x = 3*w + 282, 72*x - 77*x + 438 = 3*w. Suppose -5*s = -2*o - 1648, -3*s - o = o - 992. What is the highest common divisor of x and s?
30
Suppose -6*g - 7*g = -3*g. Suppose g = -7*l - 30 - 26. Let i = l - -16. What is the greatest common factor of i and 8?
8
Let o(r) = 8*r**2 - 4*r - 18. Let i be o(-2). Let q(w) = 30*w - 292. Let z be q(i). Calculate the highest common factor of 460 and z.
92
Suppose -4*t + 65 = 3*c, 2*c - 4*c - 5*t + 48 = 0. Let i = c - 10. Suppose i*b = 4*b + 30. What is the highest common divisor of 42 and b?
6
Let d(c) = c + 9. Let o be d(-8). Suppose h = -o + 8. Let u = 3622 - 3580. What is the greatest common factor of u and h?
7
Suppose 3*d - 4648 = -0*d - n, 2*d - 3116 = -5*n. Suppose -2197 = -54*r - 253. Calculate the greatest common divisor of r and d.
36
Let i be ((-146)/(-6) + -1)*3. Let t(s) = -s**2 + 2050*s + 28. Let j be t(0). What is the greatest common divisor of i and j?
14
Let d(v) = 2*v**3 + 14*v**2 + 14*v - 56. Let y be d(10). Calculate the highest common factor of 134 and y.
134
Suppose 11356*p + 20592 = 11395*p. Calculate the greatest common divisor of p and 3600.
48
Let i be (31 + -2)/((-3)/(-57)). Suppose -1544 = -6*o + 610. Let a = i - o. What is the greatest common factor of 24 and a?
24
Suppose 0 = -14*m + 10*m - 5*w + 365, -5*m + 427 = 3*w. What is the highest common factor of 3540 and m?
20
Suppose 6 = 2*r + 34. Let q = r - -48. Suppose -58 - 30 = -6*y - 38*y. Calculate the greatest common divisor of q and y.
2
Let l(d) = -8*d - 19. Let z be l(7). Let y be (-460)/z - 1/(15/2). Let n(q) = 5*q - 33. Let p be n(7). Calculate the highest common divisor of y and p.
2
Let w(u) = 2*u**2 + 46*u + 155. Let l be w(-20). What is the highest common divisor of l and 511?
7
Suppose -5*m = -162 - 98. Suppose -34*f + 154*f - 43680 = 0. Calculate the highest common factor of m and f.
52
Let z(m) = m**2 + 31*m - 22. Let w be z(-32). Let l(t) = 199*t**2 - 26 - t + 10 - 198*t**2. Let h be l(5). Calculate the greatest common divisor of h and w.
2
Let b(y) = 37235*y + 22. Let p be b(1). Calculate the highest common divisor of 33 and p.
33
Let c(s) = -9*s**3 + 6*s**2 + 2*s - 13. Let y be c(8). Let d = -2817 - y. Suppose -d = -3*o - 144. Calculate the greatest common divisor of o and 60.
60
Suppose 42*r + 15*r - 302621 = 16*r. Calculate the highest common factor of 121 and r.
121
Let f = 1318 + -552. Suppose 7*w + 710 = f. What is the greatest common factor of 100 and w?
4
Let p be 23/((-15)/5 - -2). Let j = -13 - p. What is the greatest common divisor of j and 30?
10
Let n(o) = -o**3 - o**2 - 2*o + 91. Let v be n(0). Let f = -56 + v. Let p be (-31 - 2)/((-21)/f). Calculate the greatest common divisor of 11 and p.
11
Let p be (-2)/14 - 588075/(-525). Calculate the greatest common divisor of 10 and p.
10
Suppose 0 = 3*i - 4*b + 1, -b - 13 = 5*i + 4. Let p be 13 + 6 + i + -6. Calculate the highest common divisor of 230 and p.
10
Let k be (12/10)/((-12)/(-1110)). Let v = -81 + k. What is the greatest common factor of 15 and v?
15
Let z be ((-176)/24)/((-22)/1947). Calculate the highest common divisor of 1652 and z.
59
Suppose 0 = -2*c - 0*c - 3*a + 19, 6 = -2*c + 2*a. Let o be (-24)/(-4) - 10 - -2*c. Suppose 3*v + 48 - 84 = o. What is the highest common divisor of v and 16?
4
Let l be 161*(-3)/6*16/(-28). Suppose 39*a - l*a = -630. What is the highest common divisor of 570 and a?
30
Suppose -59*c + 4869 = 90. Calculate the greatest common factor of 513 and c.
27
Let u = 8906 + -2394. What is the greatest common divisor of u and 88?
88
Let y = 561 - 311. Let l be 21/56 - (2 + y/(-16)). What is the highest common divisor of l and 182?
14
Suppose 20 = 2*a + 3*u - 18, 5*a = 3*u + 53. Let j = 3 + -6. Let k = a + j. Calculate the greatest common factor of 90 and k.
10
Suppose 0*a + 18 = 2*a. Suppose 2*o - 12 = 2*l, a*o = 4*o + l + 30. Suppose -3 = w - 99. What is the greatest common divisor of o and w?
6
Let l(x) = x**3 - 8*x**2 - 6*x - 23. Let k be l(10). Calculate the greatest common factor of k and 273.
39
Let o = 41675 + -40622. Let t be 1/2 - 50/(-4). What is the highest common divisor of t and o?
13
Suppose 15*u + 146965 = 50*u. Calculate the highest common factor of u and 1105.
221
Let p = 26836 + -26776. Calculate the greatest common divisor of 2360 and p.
20
Let i(w) = 219*w + 5067. Let p be i(-22). What is the greatest common divisor of p and 3818?
83
Suppose 2500 = 2*o + 8*v, -2*o + 3*v + 1525 + 953 = 0. Calculate the highest common factor of 23 and o.
23
Suppose -b - 27 = -2*b. Let l be (-1390)/12 - 5/30. Let u = l - -134. Calculate the greatest common factor of b and u.
9
Let g be (132/36)/(3/(-9)). Let u(x) = -46*x - 286. Let s be u(g). Calculate the greatest common divisor of 80 and s.
20
Suppose -12 = -c + 5*c, x = 4*c + 12. Suppose 4*t + 12 = -4*o + 56, x = 3*t + 15. Suppose -58 + 202 = 3*u. What is the highest common factor of u and o?
16
Suppose -5*h = -3*h. Suppose 0 = n + 2*v + 7, -4*v = -n - h*v + 23. Let a = -18446 + 18458. What is the highest common factor of n and a?
3
Let m = -4398 + 4469. Calculate the greatest common factor of m and 7.
1
Suppose 0 = -636*u + 617*u + 57. What is the greatest common factor of u and 375?
3
Let n be -5*((-4)/8 + (-303)/10). Let d be -46*1/4*2. Let x = -9 - d. What is the greatest common factor of x and n?
14
Let z = -23 + 93. Suppose 0 = 2*n - z - 62. Let t = n - 36. Calculate the greatest common factor of 10 and t.
10
L